 is the units digit of q?
1
Let l = -9 + 66. Let d = 84 - l. What is the units digit of d?
7
Let c(o) = 3*o + 2*o**2 - 4 + 3 + 0*o**3 - 3*o**2 - o**3. What is the units digit of c(-3)?
8
Let d(q) be the third derivative of q**5/60 + q**4/8 - 7*q**3/6 + 2*q**2. What is the tens digit of d(-6)?
1
Suppose 3*i + 0*i - 5*r - 84 = 0, 0 = -r + 3. What is the tens digit of i?
3
Let s(i) be the third derivative of -i**5/60 - 7*i**4/24 + i**3/6 + i**2. Let h be (-4)/1*(-45)/(-36). What is the tens digit of s(h)?
1
Let j be 4/2 + 4 + -2. Suppose n = x, j*x + 0*x - 9 = -5*n. What is the units digit of x?
1
Suppose y + d = 4, -5*d + 8 = 2*y - 6*d. Suppose 5*f - 24 + y = 0. What is the units digit of f?
4
Let i be (-2)/(-5) - (-24)/15. Let k = i + 11. What is the units digit of k?
3
Let i(u) be the first derivative of u**3 - 5*u**2/2 + 3*u - 3. What is the units digit of i(3)?
5
What is the units digit of (0 - 6/10) + 14048/80?
5
What is the units digit of (1676/(-112) + (-6)/21)*-28?
7
Let k be (-22)/(-6) - 6/9. Let u(h) = h**3 + 4*h**2 + 3*h + 3. Let j be u(-3). Suppose k*w - 45 = -j*v, w + v - 54 = -3*w. What is the tens digit of w?
1
Suppose 28 = 5*h + 2*p, 4*p - 19 = -3. Suppose h*r - 1 = 15. Suppose -2*k = 5*f + 1, -k - 19 = -4*f + r*k. What is the units digit of f?
1
Suppose 3*f + w - 130 = 0, 0*w = 3*w - 3. What is the tens digit of f?
4
Suppose 0 = 2*s - 2*m - 0*m - 2, 0 = -5*s - 5*m + 35. Suppose 0 = -2*k + s*k. Suppose k = 4*x - 2*u - 28, -3*u = -5*x - 4*u + 35. What is the units digit of x?
7
Suppose 0 = -2*u + 5 + 1. Suppose -7*m + 64 = -u*m. What is the units digit of m?
6
Let p = -28 + 65. What is the units digit of p?
7
Let r = -283 + 131. Let x = 230 + r. What is the units digit of x/4 - (-2)/4?
0
Let w(d) = 7*d - 14. What is the tens digit of w(4)?
1
Let y be (-9)/12 - (-9)/12. Suppose 5*t - 50 + 10 = y. What is the units digit of t?
8
Suppose -10*l + 3 = 23. Suppose -6 = -3*c + 5*w + 25, 3*c + 3*w = 39. What is the units digit of 4/((-3)/c*l)?
8
Suppose -6*f + 11*f - 470 = 0. What is the units digit of f?
4
Let o(j) = -j + 18. Let t be o(14). Suppose -25 = -3*h - t*q + 15, 5*h - 86 = 3*q. What is the units digit of h?
6
Let x(l) = l**3 - 13*l**2 + l - 7. Let t(o) = 4*o - 7. Let f be t(5). What is the units digit of x(f)?
6
Suppose 46 = 3*d - 62. What is the units digit of 2/(-12) - (-762)/d?
1
Let z = 13 + -7. What is the units digit of z?
6
Let a(t) = -t + 31. Suppose 0 = -m + 16 - 1. What is the tens digit of a(m)?
1
Let u = -18 + -4. Let q be u/(-8) + 9/(-12). Suppose -1 = -z + q. What is the units digit of z?
3
Suppose 4*q + q - 70 = 0. Suppose q + 2 = 4*a. What is the units digit of a?
4
Let a = -46 + 32. Let u = -6 + a. What is the units digit of (3/2)/((-6)/u)?
5
Suppose 6*y - 4*y = 4*i - 10, i - 30 = -5*y. Let g be ((-4)/y)/(6/(-15)). Suppose 10 = g*w + 2. What is the units digit of w?
4
What is the tens digit of (-3)/((-9)/76)*60/40?
3
Let r = 15 + -11. Suppose 86 = -r*o + 3*w - w, -88 = 4*o - 4*w. What is the units digit of -10*(1 - o/(-15))?
4
Let f(o) be the third derivative of -o**4/12 + 2*o**2. Let r be f(6). Let p = -6 - r. What is the units digit of p?
6
Suppose -3*n + 6 = -3. What is the units digit of (4 - n)*(-1)/(-1)?
1
Let y be -14*((-6)/4)/3. Suppose -21 = -z + 4*t - 2*t, 0 = -2*z - t + 17. Let a = z - y. What is the units digit of a?
4
Suppose z + 2*g = 5*g - 12, -4*g = -5*z - 38. Let s be 10/1 - (-2)/2. Let n = s + z. What is the units digit of n?
5
Let l be (2/(-4))/((-1)/164). Suppose 0 = 4*j - 2*v - 62, 4*j = -2*v - 32 + l. What is the tens digit of j?
1
What is the tens digit of 1/2*(-4 + 94)?
4
Suppose -2*w - 3*o = -23, -4*w - o + 14 = -7. Let c(v) = v**3 - 3*v**2 + v + 1. Let f be c(w). Let b = -14 + f. What is the units digit of b?
7
Let w(o) = 0*o**3 + 6*o**2 - o - 1 + 0*o**2 + o**3 - 2. Let u be w(-6). Let f = u + -1. What is the units digit of f?
2
Let v(b) be the second derivative of b**5/20 - b**4/2 + b**3 - 3*b**2/2 - b. Let g be v(5). Suppose g*k = 13 + 7. What is the units digit of k?
0
Let l be (-368)/(-36) + 4/(-18). Let v be l*(14/(-10) + 1). What is the units digit of 4 + v + 7*1?
7
Let c(u) = u**2 - 2*u. What is the units digit of c(3)?
3
Suppose -5*h + c = 80, -3*c - 12 = 2*h + 3. Let w = -5 - h. What is the tens digit of w?
1
Let c(n) = 9*n**2 + 2*n - 6. What is the units digit of c(-4)?
0
Let c be (9/6)/((-12)/(-32)). Suppose 4*i + c*s = 76, -2*s + 116 = 4*i - 6*s. What is the tens digit of i?
2
Let f(a) = -3 + 2*a - 1 - a + 11. Let h(z) = 1. Let r(c) = -f(c) + 5*h(c). What is the units digit of r(-8)?
6
Let g = 7 - 4. Let z(j) = -j**2 - 8*j - 6. Let u be z(-4). Suppose -2*o - u = -3*r, -r + g*o + 10 = -o. What is the units digit of r?
2
Let n(d) = d**2 - 5*d + 2. Let f be n(2). Suppose -r - 3*r = -8. What is the units digit of 0*r/f + 2?
2
Let r(k) = k**2 + k - 7. Let f be r(3). What is the tens digit of 110/3*6/f?
4
Let q(v) = 17*v**2 - 2*v + 1. Suppose -4*x = -5*b - 24, -4*x - 2*b - 1 = 3. What is the units digit of q(x)?
6
Suppose 0 = 5*o - 159 - 146. What is the units digit of o?
1
Suppose 0 = -0*j + 4*j - 328. What is the units digit of j?
2
Let c be 25/(-4) + (-1)/(-4). Let l(w) = -w + 4. Let v be l(c). Suppose k = v - 2. What is the units digit of k?
8
Let i(j) = 3*j + 1. Let h(c) = -6*c - 1. Let s(v) = -2*h(v) - 5*i(v). What is the units digit of s(-3)?
6
Let a(u) = -2*u - 3. Let n be a(-3). Let h(k) = 3*k - 4. Let l be h(n). What is the units digit of 2*3 - (l + -3)?
4
Let p(z) = -z**2 + 4*z + 7. Let t be p(5). What is the units digit of (12 - 3)*2/t?
9
Suppose -328 = -11*n + 486. What is the tens digit of n?
7
Let u(n) = n - 2. Let r be u(4). Suppose h + 26 = j, 2*j - 110 = -r*j + h. What is the units digit of j?
8
Suppose 0 = -3*g - 2*s + 84, -3*s - 31 = 3*g - 112. What is the units digit of g?
0
Let k = 2 - -6. What is the units digit of k?
8
Suppose -5 = -4*k + 3. Let l(d) = d**3 + 2*d**2 + d - 2. What is the tens digit of l(k)?
1
Suppose 0 = 5*p - 4*p - 25. Suppose 0 = h - 5*s + p, -7*h + 3*h = 5*s - 25. Suppose 4*r - 24 = -3*o + 2*r, 3*o - 5*r - 24 = h. What is the units digit of o?
8
Let y(m) = m**2 + m. Let u be y(2). Let a be (-2 - 1)*(0 + 1). Let o = a + u. What is the units digit of o?
3
Let m = -14 + 21. What is the units digit of m*(1 + 0/(-1))?
7
What is the tens digit of (4/10)/(5/550)?
4
Let y be -3*((-8)/6 + 2). Suppose -3*s + 3*c = 12, c = 2 - 0. What is the tens digit of (9 - s)/((-2)/y)?
1
What is the hundreds digit of 4/16 + (1043/4 - 0)?
2
Suppose 3*p + 4 = 7*p. Let n(t) be the third derivative of t**5/30 + t**4/24 + 2*t**2. What is the units digit of n(p)?
3
Suppose -5*r + 25 = 0, 3*g - r = 5 + 47. What is the tens digit of g?
1
What is the tens digit of (-6)/4*(-612)/54?
1
Suppose -51 - 26 = -3*c - z, 71 = 4*c - 5*z. Let u = c + -9. What is the units digit of ((-2)/(-3))/(1/u)?
0
Suppose -5*t + 51 = -69. What is the tens digit of t?
2
Suppose -2*h + 2*f = -10, -2*h + 3*f + 0 + 15 = 0. Suppose -4*m = -5*j - h + 2, -6 = m - 4*j. Let p = 7 - m. What is the units digit of p?
5
Suppose 3*c - 20 = -2*c. What is the units digit of c?
4
Suppose 3*h - w - 1 = -0*w, -5*h + 15 = 5*w. Let g be 11*-1 - (-2 + 1). Let u = h - g. What is the units digit of u?
1
Let p = 3 - -1. Let i = p + 2. Suppose g - 2 - i = 0. What is the units digit of g?
8
Let h(j) = -79*j**3 + 9*j. Let a(t) = -40*t**3 + 5*t. Let c(i) = 11*a(i) - 6*h(i). What is the tens digit of c(1)?
3
Suppose -7 = 3*w + 4*j, w - 4*j - 2 = 3*w. Let o = w + 6. What is the units digit of o?
1
Let i(f) = f**3 - 5*f**2 + 4*f - 6. Let v be i(4). Let x(z) = -z**3 - 4*z**2 + 4*z - 7. What is the tens digit of x(v)?
4
Let f(p) = -13*p - 1. Let j be f(-6). Suppose 5*k - n - j = 0, n - 23 = -3*k + 20. What is the units digit of k?
5
Suppose 47 + 9 = 2*q. What is the tens digit of q?
2
Suppose -9 = -3*l, 6*l - 5*l - 24 = -3*y. What is the units digit of y?
7
Suppose -33 = -4*b + 63. Suppose 4*l - 3*d = -3 - 29, 5*d - b = 3*l. What is the units digit of l/((2 - 3) + 0)?
8
Let p = 2 + 3. Suppose -4*n + p*n = 0. Let r = n + 6. What is the units digit of r?
6
Suppose -4*m + 1490 - 320 = 5*y, 3*m = -y + 245. What is the units digit of y?
0
Let v(j) = -j**3 - 2*j**2 + 3*j + 1. Let d be v(-3). Suppose -4*m = 2*t - 20, -5 = 3*m + 